factors of 16/(-1 + 5) - -113.
3, 13
Let a = -46 + 89. What are the prime factors of a?
43
Let u(b) = b**2 - 9*b - 6. Let h be u(10). Suppose 0*c + h = c. Suppose -c*n = n - 90. What are the prime factors of n?
2, 3
Suppose 0 = -5*z - 4*p + 404, -95 - 229 = -4*z - 4*p. What are the prime factors of z?
2, 5
Suppose -35 = -5*l + 4*c, -53 = -5*l - 2*c - 18. Let u = l - 14. Let i = u + 18. What are the prime factors of i?
11
Let n(q) = 44*q + 4. Let w be n(4). Suppose -w = -3*i - 2*i. What are the prime factors of ((-7)/((-21)/i))/1?
2, 3
Let d = -3 + 3. Suppose v + d = 9. Suppose -j + 2*j = v. List the prime factors of j.
3
Let l(q) = q**2 + q + 4. Let s be l(0). Suppose j - 4*h + 8 = -4, 5*j = s*h - 12. Suppose k - 3*b - 22 - 1 = j, -4 = 2*b. What are the prime factors of k?
17
Let n = -20 + 65. Suppose -3*f + 45 = 3*t, -4*t + 2*f - 3*f + n = 0. What are the prime factors of t?
2, 5
Let o be 10/(-3) + 10/(-15). Let v be 2/o - 18/(-4). Suppose -m = 2*b - 0*m - 17, v*b = -3*m + 39. What are the prime factors of b?
2, 3
Let c(l) = -l**3 + 4*l**2 + 2*l - 3. Let p be c(7). What are the prime factors of p/(-22) - (-4)/(-22)?
2, 3
Suppose -5*y + 0*y = -30. What are the prime factors of y?
2, 3
Let j(q) = -35*q**3 + q. List the prime factors of j(-1).
2, 17
Suppose 0 = -2*s + 20 + 14. What are the prime factors of s?
17
Let f(l) = -4*l + 6. Let t be f(4). Let s = 13 + t. What are the prime factors of s?
3
Let u(n) = -2*n - 2. Let f(w) = -4*w - 5. Let v(a) = -6*f(a) + 13*u(a). List the prime factors of v(-5).
2, 7
Let a be -3 + (-1)/(-1) + 0. Let w be a/10 + (-112)/(-35). What are the prime factors of 0 - (-2 + -10)/w?
2
Let z(w) = w + 4. Let i be z(-4). Suppose -4*j + 4*h = -52, 4*j + 2*h + i*h = 40. List the prime factors of j.
11
Let z = -4 + 10. Let c be (3/2)/(2/12). Let f = c - z. What are the prime factors of f?
3
Let k = -4 - -6. Suppose -z - 9 = -4*z, 4*h = -k*z + 90. Suppose -12 = -o - 5*c, 77 = 3*o - 5*c + h. What are the prime factors of o?
17
Let m = -5 + 3. Let y be 2 - 3/(m - 1). Suppose 5*k - 68 = -2*n, 0*n = k - y*n. List the prime factors of k.
2, 3
Let d(l) = -l - 6. Let v be d(-6). Suppose v*b + 28 = b. Suppose -2*n - 2*n + b = 0. What are the prime factors of n?
7
Suppose 21 = 3*o - y + 3*y, -5*y = -2*o + 33. Suppose 4 = 2*s - 0. Suppose -s*b + 5 = -o. What are the prime factors of b?
7
Suppose -b - 4*b + 3*f = -30, -4*f + 24 = 4*b. Let a = 11 - b. What are the prime factors of a?
5
Suppose -4*x = 3*b - 22, -4*x = 3*b - 4*b - 14. Suppose u - 3*n = b*u + 11, 4*u = -4*n - 36. What are the prime factors of u/(-40) + 178/10?
2, 3
Let v = -17 - 16. Let i = -19 - v. List the prime factors of i.
2, 7
Let y = -61 - -87. What are the prime factors of y?
2, 13
Suppose 5*s + 5*l = 45, -7 = 3*s + l - 40. What are the prime factors of s?
2, 3
Let d(s) = s**2 - 3*s - 3. Let o be d(3). Let w be (3*o)/(3/(-9)). Suppose -w = -5*a - 2*v, -2*a + 0*a + 6 = -4*v. List the prime factors of a.
5
Suppose -4*o - 119 = -751. List the prime factors of o.
2, 79
Suppose 2*z - 9 = -3. Let x = 4 - 1. Suppose -2*n - 3 = -x*n, -5 = -2*a + z*n. List the prime factors of a.
7
Let t(s) = 10*s + 19. List the prime factors of t(5).
3, 23
Let y(a) = a**2 - 5*a. Let r be y(5). Suppose -2*h = -4*o + 78, -o + 3*h + r*h + 22 = 0. Let v = o - 9. List the prime factors of v.
2, 5
Let o be (2/(-3))/(-2)*6. Suppose -z + 21 = o*z. What are the prime factors of z?
7
Let n(t) = 12*t**3 - t**2. Let j be n(1). Let p = -3 + j. List the prime factors of (-1 - -2)*(p - -1).
3
Let m = 9 + -4. Suppose -90 = -m*r + 2*r. What are the prime factors of r/(-2)*2/(-2)?
3, 5
Let v(f) = f**2 - f + 93. What are the prime factors of v(0)?
3, 31
Suppose -13 = -5*c + d - 5*d, 0 = -c + 3*d + 14. Suppose -c*t = 10, 2*t - 38 = -2*o + 6*t. What are the prime factors of 70/o + (-2)/3?
2
Let g = 93 + -41. Suppose s + g = 3*s. List the prime factors of s.
2, 13
Let g be 243/(-12) - (-1)/4. What are the prime factors of (30/g)/(2/(-28))?
3, 7
What are the prime factors of -7*((-200)/35)/5?
2
Suppose -5*t - d = -0*d + 2, -2*d = -4*t + 4. Suppose -2*n + 46 - 8 = t. List the prime factors of n.
19
Let r(q) = -2*q + 13. Let u be r(0). Let z be ((-1)/(-2) + 0)*-2. Let n = z + u. What are the prime factors of n?
2, 3
Let g(u) = u**2 + 6*u - 7. Let k = -11 + 4. Let p be g(k). What are the prime factors of 6 + -1*p/3?
2, 3
Let r(g) = 2*g**3 - 4*g**2 - 15*g + 7. What are the prime factors of r(5)?
2, 41
Let y(s) be the first derivative of s**6/360 + s**4/24 + 2*s**3/3 + 3. Let n(f) be the third derivative of y(f). List the prime factors of n(-4).
17
Let w = -23 - -36. List the prime factors of w.
13
Suppose -6*w + w + 3*b - 42 = 0, 3*w + b + 14 = 0. Let y = -11 - w. Let k(x) = x**2 + 4*x + 5. List the prime factors of k(y).
2, 5
Suppose 0*a = 2*a - 10. Let c = -7 - -4. Let k = c + a. What are the prime factors of k?
2
Suppose 3*l = 2*l - 3*c + 71, -4*c - 268 = -4*l. What are the prime factors of l?
2, 17
Let q(o) = o**2 - 10*o + 9. List the prime factors of q(-8).
3, 17
Let k(o) be the first derivative of -o**4/4 - 5*o**3/3 + 3*o**2 + 6*o - 3. List the prime factors of k(-6).
2, 3
Let m be 2/(2 + -5 - -1). Let k = m - -3. Suppose 5*i = k*i + 24. What are the prime factors of i?
2
Suppose 16 = u - 2*u + 4*a, 0 = -5*u - a + 4. Suppose -5*w + 52 - 7 = u. What are the prime factors of w?
3
Let w = 88 + -44. What are the prime factors of w?
2, 11
Let g(l) = -30*l + 12. What are the prime factors of g(-2)?
2, 3
Let k(u) = 2*u**2 - 12*u + 3. List the prime factors of k(8).
5, 7
Suppose -2*i - 22 = b, -4*i + 0*i - 3*b = 44. Let u = i + 22. What are the prime factors of u?
11
Let v(q) = q**3 + 8*q**2 + 6*q - 7. Let i be (3/4)/(2/(-16)). List the prime factors of v(i).
29
Let l = -161 - -382. List the prime factors of l.
13, 17
Let n(h) = 20*h**2 + h + 4. List the prime factors of n(-2).
2, 41
Let m = 5 - -16. Let k = 36 - m. List the prime factors of k.
3, 5
Let c(y) = y**3 + 4*y**2 - 2*y + 3. Let t be c(-3). Let l = t - 5. What are the prime factors of l?
13
Suppose 5*n = 3*n + 34. What are the prime factors of n?
17
Suppose 42 = 2*p + p + m, -4*m = -5*p + 87. List the prime factors of p.
3, 5
Suppose n + 3*q = 0, 3 = 2*q - 3. Let b be -18 + n/(-3)*-1. Let o = -1 - b. What are the prime factors of o?
2, 5
Let s = -21 - -31. Let b = s - 5. Suppose b*h - 30 = 40. What are the prime factors of h?
2, 7
List the prime factors of 1183/21 - (-2)/(-6).
2, 7
Let p = 36 - -34. List the prime factors of p.
2, 5, 7
Let w(h) = -2*h + 8. Let p be w(7). Let a be ((-1)/2)/(1/p). Suppose -55 = -5*y - 7*i + 3*i, a*y = 3*i + 6. List the prime factors of y.
7
Let t(i) = i**3 + 5*i**2 + 2*i - 1. Let a be t(-3). What are the prime factors of (-6)/33 - (-178)/a?
2
Let h = 10 - 4. Let c(q) = q**3 - 6*q**2 - 3*q + 3. Let z be c(h). What are the prime factors of 5/(z/(-27)) + 1?
2, 5
Suppose -126 = -3*d - 2*r, -4*d - d + 2*r + 194 = 0. Let h be d/(-6)*(-36)/8. Let m = 42 - h. What are the prime factors of m?
2, 3
Let z be (-24)/(-14) - (-2)/7. Suppose 0 = z*v - 0*v - 96. Suppose 3*p - v = -p. What are the prime factors of p?
2, 3
Let x(v) be the first derivative of -v**5/40 - 11*v**4/24 + v**3/3 - 3. Let a(p) be the third derivative of x(p). List the prime factors of a(-8).
13
Suppose -4*m + 457 = -5*p + 127, -5*m - 5*p = -390. Let h = -39 + m. What are the prime factors of h?
41
Let n = 10 + -20. Let d be (-5)/n - 7/2. List the prime factors of -3*2/9*d.
2
Let n(k) = -2*k + 22. List the prime factors of n(7).
2
Let z(y) be the third derivative of -y**4/24 + y**3/3 + y**2. What are the prime factors of z(-7)?
3
Let p be -1*(-1)/((-1)/(-13)). Let j = p - 9. Suppose 11 = -l + 2*l + 2*v, l + j*v = 5. List the prime factors of l.
17
Let g be (-1*1)/(2/22). Let q = 23 + g. List the prime factors of q.
2, 3
Let l = -1 + 6. Suppose 3*t - 4*t + l = 0. Suppose 20 = t*i - 20. What are the prime factors of i?
2
Let i(h) be the first derivative of h**3/3 + 7*h**2/2 - 12*h + 1. List the prime factors of i(-9).
2, 3
Suppose -3*z + 8 = 4*j, 4 + 8 = -3*z. Let y be (1/3)/(j/45). Suppose -29 = -2*o + 5*i, 2*i + y = -7. What are the prime factors of o?
2
Let r(f) = -f**2 - 11*f + 15. Let b be r(-12). What are the prime factors of 29 + (0/3 - b)?
2, 13
Let a be 1/((